{"id":387,"date":"2020-02-21T14:46:21","date_gmt":"2020-02-21T14:46:21","guid":{"rendered":"https:\/\/kalkus.dev\/?page_id=387"},"modified":"2020-05-05T20:15:19","modified_gmt":"2020-05-05T20:15:19","slug":"o-autorze","status":"publish","type":"page","link":"https:\/\/kalkus.dev\/blog\/o-autorze\/","title":{"rendered":"O autorze"},"content":{"rendered":"\n<h4>O mnie<\/h4>\n\n\n\n<p>Pisanie o sobie to zawsze ci\u0119\u017ckie zadanie. Szczeg\u00f3lnie na kilku akapitach. Sztuk\u0105 jest nie popa\u015b\u0107 w bana\u0142, nie przesadzi\u0107 ze skromno\u015bci\u0105 oraz pych\u0105. W naturze ludzkiej le\u017cy unikanie spraw trudnych &#8211; zgodnie wi\u0119c z ni\u0105, zaczynam od pisania o pisaniu.<\/p>\n\n\n\n<p>Teraz pora na bana\u0142. Programista. Kilka lat do\u015bwiadczenia. Przewa\u017cnie w du\u017cych, mi\u0119dzynarodowych firmach. Wczesne pocz\u0105tki &#8211; nastolatek przed komputerem, hello world w Pascalu. Studia, projekty, kariera.<\/p>\n\n\n\n<p>Lata w bran\u017cy daj\u0105 spojrzenie szersze, z wielu k\u0105t\u00f3w, na wiele aspekt\u00f3w. Pewne prawid\u0142a si\u0119 powtarzaj\u0105, utrwalaj\u0105 w sta\u0142e jak wsch\u00f3d i zach\u00f3d s\u0142o\u0144ca zjawiska. Inne z kolei nie daj\u0105 si\u0119 przewidzie\u0107, jak trendy na gie\u0142dzie.  Im wi\u0119cej lat, im g\u0142\u0119biej zapadni\u0119te siedziska s\u0142u\u017cbowych foteli, tym  bardziej u\u015bwiadamia\u0142em sobie, \u017ce czynnik ludzki jest w tej bran\u017cy zaskakuj\u0105co (nadal, przez kolejne lata zaskakuj\u0105co) istotny. Kluczowy.<\/p>\n\n\n\n<p>O tym w\u0142asnie, o ludzkich aspektach programowania, zarz\u0105dzania projektami, tworzenia zespo\u0142\u00f3w i wytwarzania oprogramowania postanowi\u0142em nieco napisa\u0107. Mam nadziej\u0119, \u017ce z sensem i po\u017cytkiem.<\/p>\n\n\n\n<h4>Dla klient\u00f3w<\/h4>\n\n\n\n<p>Na nowe, interesuj\u0105ce propozycje wsp\u00f3\u0142pracy otwarty jestem zawsze i ch\u0119tnie o ka\u017cdej z nich porozmawiam.  Us\u0142ugi \u015bwiadcz\u0119 na B2B, z nielicznymi wyj\u0105tkami w pe\u0142ni zdalnie, najlepiej w wymiarze frakcji FTE. Najwi\u0119ksze do\u015bwiadczenie posiadam w rozwoju aplikacji internetowych jako full-stack developer, natomiast nie stroni\u0119 od front-end developmentu, a tak\u017ce, w ograniczonym zakresie, prac w zakresie DevOps. <\/p>\n\n\n\n<p>Preferowane technologie i narz\u0119dzia:<br>React, JavaScript, HTML, CSS, Docker, Cloud, C#, .NET, NoSQL, Node.js<\/p>\n\n\n\n<p>J\u0119zykiem angielskim pos\u0142uguj\u0119 si\u0119 p\u0142ynnie.<\/p>\n\n\n\n<p>Kontakt:<\/p>\n\n\n\n<div style=\"display: flex\">\n\n<div class=\"wp-block-image\"><figure class=\"alignleft size-large\"><a href=\"https:\/\/www.linkedin.com\/in\/kalkusa\/\"><img loading=\"lazy\" width=\"77\" height=\"66\" src=\"https:\/\/kalkus.dev\/wp-content\/uploads\/2020\/02\/linkedin.png\" alt=\"\" class=\"wp-image-480\"\/><\/a><\/figure><\/div>\n\n<div class=\"wp-block-image\"><figure class=\"alignleft size-large\"><a href=\"https:\/\/github.com\/kalkusa\"><img loading=\"lazy\" width=\"64\" height=\"64\" src=\"https:\/\/kalkus.dev\/wp-content\/uploads\/2020\/02\/github.png\" alt=\"\" class=\"wp-image-482\"\/><\/a><\/figure><\/div>\n\n<div class=\"wp-block-image\"><figure class=\"alignleft size-large is-resized\"><a href=\"https:\/\/stackoverflow.com\/users\/3775079\/landeeyo\"><img loading=\"lazy\" src=\"https:\/\/kalkus.dev\/wp-content\/uploads\/2020\/02\/stackoverflow.png\" alt=\"\" class=\"wp-image-483\" width=\"62\" height=\"62\" srcset=\"https:\/\/kalkus.dev\/blog\/wp-content\/uploads\/2020\/02\/stackoverflow.png 300w, https:\/\/kalkus.dev\/blog\/wp-content\/uploads\/2020\/02\/stackoverflow-150x150.png 150w\" sizes=\"(max-width: 62px) 100vw, 62px\" \/><\/a><\/figure><\/div>\n\n<div class=\"wp-block-image\"><figure class=\"alignleft size-large is-resized\"><a href=\"https:\/\/twitter.com\/landeeyo\"><img loading=\"lazy\" src=\"https:\/\/kalkus.dev\/wp-content\/uploads\/2020\/02\/twitter.png\" alt=\"\" class=\"wp-image-484\" width=\"64\" height=\"64\" srcset=\"https:\/\/kalkus.dev\/blog\/wp-content\/uploads\/2020\/02\/twitter.png 400w, https:\/\/kalkus.dev\/blog\/wp-content\/uploads\/2020\/02\/twitter-300x300.png 300w, https:\/\/kalkus.dev\/blog\/wp-content\/uploads\/2020\/02\/twitter-150x150.png 150w\" sizes=\"(max-width: 64px) 100vw, 64px\" \/><\/a><\/figure><\/div>\n\n<\/div>\n\n\n\n<p><\/p>\n","protected":false},"excerpt":{"rendered":"<p>O mnie Pisanie o sobie to zawsze ci\u0119\u017ckie zadanie. Szczeg\u00f3lnie na kilku akapitach. Sztuk\u0105 jest nie popa\u015b\u0107 w bana\u0142, nie przesadzi\u0107 ze skromno\u015bci\u0105 oraz pych\u0105. W naturze ludzkiej le\u017cy unikanie spraw trudnych &#8211; zgodnie wi\u0119c z ni\u0105, zaczynam od pisania o pisaniu. Teraz pora na bana\u0142. Programista. Kilka lat do\u015bwiadczenia. Przewa\u017cnie w du\u017cych, mi\u0119dzynarodowych firmach. [&hellip;]<\/p>\n","protected":false},"author":1,"featured_media":0,"parent":0,"menu_order":0,"comment_status":"closed","ping_status":"closed","template":"","meta":[],"_links":{"self":[{"href":"https:\/\/kalkus.dev\/blog\/wp-json\/wp\/v2\/pages\/387"}],"collection":[{"href":"https:\/\/kalkus.dev\/blog\/wp-json\/wp\/v2\/pages"}],"about":[{"href":"https:\/\/kalkus.dev\/blog\/wp-json\/wp\/v2\/types\/page"}],"author":[{"embeddable":true,"href":"https:\/\/kalkus.dev\/blog\/wp-json\/wp\/v2\/users\/1"}],"replies":[{"embeddable":true,"href":"https:\/\/kalkus.dev\/blog\/wp-json\/wp\/v2\/comments?post=387"}],"version-history":[{"count":8,"href":"https:\/\/kalkus.dev\/blog\/wp-json\/wp\/v2\/pages\/387\/revisions"}],"predecessor-version":[{"id":925,"href":"https:\/\/kalkus.dev\/blog\/wp-json\/wp\/v2\/pages\/387\/revisions\/925"}],"wp:attachment":[{"href":"https:\/\/kalkus.dev\/blog\/wp-json\/wp\/v2\/media?parent=387"}],"curies":[{"name":"wp","href":"https:\/\/api.w.org\/{rel}","templated":true}]}}